+ u**5/60 - u**4/24 - 4*u**3/3 + 36. Let l(g) be the third derivative of h(g). Calculate l(1).
-4
Let q(o) = -o**3 + 7*o**2 - 5*o - 1. Let r = -73 - -52. Let l = -17 - r. Suppose 2*k + 2*k + 3*h - 18 = 0, 0 = -k - h + l. Give q(k).
5
Suppose 5*l - 29 = -2*s, 0*s = s - 2*l + 8. Let d(u) = 14*u - 11*u - s - 5. Determine d(5).
8
Let v(u) = 2*u + 5. Let s(r) = -r**3 + r**2 + r + 4. Let a be s(0). Suppose -7*c = -a*c + 15. Calculate v(c).
-5
Let h(b) be the second derivative of -b**5/20 + b**3/6 + 7*b**2 - 11*b. Let p(u) = -1. Let g(v) = -h(v) - 6*p(v). Calculate g(0).
-8
Let k(a) = -2*a + 7. Let w be k(-15). Suppose g - 3*m - 1 = 0, -w = -4*g - g - m. Let t(p) = -p**3 + 8*p**2 - 6*p - 1. Give t(g).
6
Let c be 1428/231 - 1*(-4)/(-22). Let u(v) = 0*v**3 - 5*v**2 + v**3 + 8 - 8*v + 0*v**2. Determine u(c).
-4
Suppose -25 = 5*z - 5. Let y(w) = -6*w - 1. Let p(g) be the second derivative of g**3/6 - 10*g. Let r(x) = 11*p(x) + 2*y(x). What is r(z)?
2
Let x(t) be the third derivative of t**6/60 - t**5/20 + t**4/6 - t**3 + 51*t**2 + 2*t. Determine x(2).
6
Let u(b) be the second derivative of -b**3/6 - 9*b**2/2 - 2*b. Let r(g) = -2*g**3 + g - 2. Let d be r(2). Let s = 11 + d. Determine u(s).
-4
Let n(m) = -m**2 - 3*m + 15. Let x(r) = 41*r - 292. Let b be x(7). Calculate n(b).
5
Let m be 2 + (-4 - -2)*-2. Let x(u) be the third derivative of -u**4/12 + u**3 - 70*u**2 - 20. Determine x(m).
-6
Let n(v) = 151*v - 1371. Let k be n(9). Let o(j) = 5*j + 7. Calculate o(k).
-53
Let v(i) = i**2 - 5*i + 4. Let r be v(4). Let p(n) = n - 3 + 8 - 2*n + 1. What is p(r)?
6
Let b(r) = -r**3 - 3*r**2 - 2. Suppose 3*f + 14 = -k, -3*f - 10 + 26 = -5*k. Let o be b(f). Let x(p) = -4*p**2 + 3*p + 1. Calculate x(o).
-21
Let y(h) = -2*h + 0 + h + 4 - h. Let t(s) = -s**3 - 5*s**2 - 10*s - 6. Let c be t(-3). Determine y(c).
-8
Let q(n) be the first derivative of -2*n**2 + 16 + 1/3*n**3 - 6*n. What is q(6)?
6
Let o = 302 + -300. Let z(v) be the second derivative of 4/3*v**3 + 0 + 1/12*v**4 + 3*v**o - 2*v. Calculate z(-5).
-9
Let h(u) = 6*u + 1. Let y(t) = -t**3 + 3*t**2 + 7*t - 10. Let a be 42/8 + (-10)/8. Let d be y(a). Suppose -2*l - 8 = -d*z, 0 = 4*z - 0*l + l + 9. What is h(z)?
-5
Let w(r) = r**3 + 1. Let h(c) = 2*c - 3. Let a be h(4). Suppose -f + 3*f = -2, a*f - 140 = 5*o. Let i = o - -28. Calculate w(i).
0
Let x(m) = -m - 1. Let a = -47 + 46. Let f be x(a). Let o(q) = -q**3 + 10. Give o(f).
10
Let u = -17 + 10. Let v(p) be the third derivative of -p**4/24 - 4*p**3/3 - 219*p**2. What is v(u)?
-1
Let c(h) = 31 - 5*h**2 - 4 - 26 - 2*h - 4*h**2. Let x(m) be the first derivative of -m**3/3 + 3*m**2/2 + m - 1. Let w be x(3). Calculate c(w).
-10
Let h(u) = -7*u**2 + 4*u + 11*u**2 + 3 - 2*u**3 + u**3. Let x(o) = o**3 - 12*o**2 + 2*o - 20. Let a be x(12). Calculate h(a).
19
Let u(o) = o**2 - 4*o - 3. Let s be u(5). Let l(g) = -s*g - 4*g**2 + 0*g - 3*g + g**3 + 4*g + 3. Let b = -2 - -6. Determine l(b).
-1
Let m(q) = -11*q - 2. Suppose -5*c + 2*n = -5, c - 5*n + 6*n = -6. What is m(c)?
9
Let a(v) = -7*v**2 - 3*v + 1. Let k(h) = -8*h**2 - 4*h + 2. Let o be (4 - 2 - 0) + 3. Let t(m) = o*k(m) - 6*a(m). What is t(3)?
16
Let s(c) be the first derivative of 7*c**3/3 + 2*c**2 + 5*c - 21. Let g(q) = 4*q**2 + 2*q + 3. Let v(n) = -5*g(n) + 3*s(n). Give v(-4).
8
Let h(u) be the first derivative of u**4/4 + 5*u**3/3 - 7*u**2/2 - 2*u + 142. Give h(-6).
4
Let k = -74 + 70. Let b be (42/(-28))/(2/k + 1). Let u(j) = 6*j + 2. Determine u(b).
-16
Let b(l) be the third derivative of l**8/20160 + l**7/5040 - l**5/30 - 3*l**2. Let t(c) be the third derivative of b(c). Let p = 62 + -62. Determine t(p).
0
Let w(f) = 37 - 37 - 3*f + 2*f. Give w(-9).
9
Let v(l) = l**3 + 5*l**2 - 8*l - 2. Let d be v(-7). Let y be (-6)/(-10) + d/(-10). Suppose y*t + 12 = t. Let b(o) = -2*o - 2. Determine b(t).
4
Let z(f) = 5*f**2 - 5*f - 21. Let l(u) = 6*u**2 - 5*u - 25. Let k(b) = 4*l(b) - 5*z(b). Let c = 15 - 8. Calculate k(c).
-9
Let g(i) be the first derivative of i**2/2 + 3*i - 228. Give g(-10).
-7
Suppose 72 = 3*y + 6*y. Let h(j) = 6 - 14 + 2 + y - j. Give h(-2).
4
Let g(d) = -2*d**2 - d + 40. Let w be g(4). Let l(x) = -x + 4. Give l(w).
0
Let a(x) = x**2 - x + 1. Let l(p) = -p**3 + 6*p**2 - 5*p + 2. Let y(c) = 3*a(c) - l(c). Let o = 8 - 6. What is y(o)?
1
Let l be (-209)/(-38) - (-1)/(-2). Suppose -l*h = 2*j - 13, -h + 6 = 5. Let y(v) = 0*v**3 - v**3 + v - 3*v + 5*v**2. Calculate y(j).
8
Let x(b) = -5*b**2 + 8*b + 8. Let a be x(-1). Let d(j) = -3*j + 5. Calculate d(a).
20
Let d(z) = -2 - 4 - z + 1 - 2*z**2 + 6. Suppose 2 = -2*x + 12. Suppose -4*v - 22 = -x*c, v + 7 = c + c. Give d(c).
-9
Let x(r) = 19*r + 95. Let p be x(-5). Let i(v) = -v**2 - v - 2. Give i(p).
-2
Let x(v) = -2*v - 9. Let i be x(-6). Let j(p) = p**2 - 2*p + 2. Let w(u) = -u - 4. Let q(g) = -j(g) - w(g). Determine q(i).
2
Let d(z) be the first derivative of z**2/2 + 2*z + 143. What is d(-2)?
0
Let j(c) = 62*c + 10. Let f(q) = -12*q - 2. Let m(n) = 11*f(n) + 2*j(n). Calculate m(-5).
38
Let l = -23 - -17. Let n(h) = h**2 - 3*h + 2. Let p be n(5). Let o = l + p. Let r(m) = m - 12. Give r(o).
-6
Let i(k) = k**2 + 7*k. Suppose 145 = 3*m - 5*u, 2*u + 94 = -2*m + 4*m. Suppose -m = 5*y - 4*r, 18 = -2*y + 5*r - 17. What is i(y)?
-10
Let v(x) = x**3 + 9*x**2 + 25*x + 29. Let m be v(-5). Let h(q) = q**2 + 0*q + 2*q**3 + 1 + 4*q**2 - 5*q - 3*q**3. Calculate h(m).
-3
Suppose 4*a + 2*k = -a - 17, 2*k - 3 = -a. Let u(f) = -2*f**2 - 5*f + 12. Give u(a).
-13
Suppose 48 = 5*r + r. Let n(m) = -m**2 + m + 3. Let j(l) = l - 1. Let b(p) = -6*j(p) - n(p). Determine b(r).
11
Let q(c) = c + 3. Suppose 5*r = r - 8. Let i be (r/5)/((-17)/85). Suppose 0 = 2*j + i*j. Give q(j).
3
Let j(c) be the third derivative of -c**6/120 - c**5/12 + c**3/3 + 24*c**2. Suppose -q = 2 - 6. Let i be (-10)/q*(3 + -1). Give j(i).
2
Let h be 1*1*(-3)/(-3). Let x(g) be the first derivative of 5*g**4/2 - g**3/3 + g**2 - g - 115. Give x(h).
10
Suppose -8*q + 5*q = -9. Suppose 0*m = m - 3*w - 3, 5*w - 9 = -q*m. Let n(r) be the first derivative of r**4/4 - r**3 + r**2/2 + 3*r + 1. Give n(m).
6
Let c(y) = -y**2 - 6*y - 8. Let m(q) = q**2 + 19*q - 71. Let a be m(-22). Determine c(a).
-3
Let c be (-10)/(-65) - (-2)/(-13). Let w(f) = -f**2 + f - 48. Let k be w(c). Let m be (-5)/2*k/30. Let j(h) = -h**2 + 2*h + 1. Give j(m).
-7
Let d = 5 - 1. Let y(v) = v**2 - 1 + d + 2 + 1 + 5*v. Determine y(-5).
6
Let a(v) be the first derivative of 2*v**2 + 3*v + 110. Give a(-3).
-9
Let n = -1148 - -1128. Let f(u) = -u**3 - 4*u**2 - 6*u - 6. Let v be f(-4). Let a = n + v. Let w(k) = -k**3 - k**2 + 3*k + 3. Determine w(a).
1
Let m(u) = -u**3 + 5*u**2 - u. Let b be (-7)/14 - 2/(-4). Let j be (-12)/(-3) - (b - -1). Suppose k - j - 2 = 0. Calculate m(k).
-5
Let a(t) = -t - 1. Suppose -47 = -5*v + 13. Let k(m) = -2*m**2 + 10*m + 20 + m**2 + 0*m**2. Let z be k(v). What is a(z)?
3
Let u(q) = q**3 + 4*q**2 + 4. Let n(a) = -a**2. Let h(t) = -2*n(t) - u(t). Let k(y) = 2*y**3 - 3*y**3 + 6*y**2 + 3 + 0*y**3 - y. Let l be k(6). Determine h(l).
5
Let f(v) = v**2 + 14*v + 24. Let d be f(-12). Let w(j) be the third derivative of -j**5/60 - j**4/24 + 2*j**3/3 + 10*j**2. Determine w(d).
4
Let f = 33 - 32. Let n be 50/8 + (5/(-20))/f. Let b(p) = -p**2 + 6*p - 9. Calculate b(n).
-9
Let k(s) be the first derivative of s**4/4 - 4*s**3 + s**2/2 + 4*s + 524. Give k(12).
16
Let j be (2 - (5 + -2)) + -11. Let u(o) = o**2 + 14*o + 18. Let n be u(j). Let h(g) = g**3 + 6*g**2 + 3*g + 5. Determine h(n).
-13
Let u(r) be the first derivative of r**3/3 - 2*r**2 + r + 293. Suppose 8 = 4*a - 0. Calculate u(a).
-3
Let k(r) = 2 + 7*r + 1 + 3*r - 6*r. Give k(-2).
-5
Let v(o) = -o**3 - 4*o**2 - 3. Let g = 233 + -108. Let a = g - 129. What is v(a)?
-3
Let k be (8/(-20))/((-4)/180). Let l be 18/(-4)*k/(-27). Let t(y) = y**2 - 4*y. Determine t(l).
-3
Let q(f) = 0*f + f - 1 + 4. Let y(t) = -47*t + 5. Let c be y(1). Let m = 42 + c. Calculate q(m).
3
Let y(r) = 2*r**3 - 2*r**2 - r**3 + 0*r**3 - 3*r. Let p(g) = -12*g**2 + 60*g - 45. Let d be p(4). Give y(d).
0
Let p(x) = -4*x - 8 + 23*x**3 + 11*x + 2 - 24*x**3 - 6*x**2. Determine p(-7).
-6
Let m(j) = -7 + 2 - 26*j - 1 + 25*j. Give m(-5).
-1
Let l(p) = p**3 + 5*p**2 + 1. Let c = 11 - 16. Let a be l(c). Let k(r) = 9*r. Let 